 13, what is ba152 + 2?
ba154
In base 15, what is -2647a9 - e7?
-2648a1
In base 11, what is 5 + -300281a?
-3002815
In base 13, what is -27a92c + 0?
-27a92c
In base 6, what is 203 + -11205214?
-11205011
In base 9, what is -447 - -3876640?
3876182
In base 13, what is 1 - -524c8a70?
524c8a71
In base 15, what is -cc5 - 3c5d?
-4a33
In base 6, what is 3 + -2255454245?
-2255454242
In base 2, what is -100 + -1000110001010010100001?
-1000110001010010100101
In base 5, what is -143234302 + 1?
-143234301
In base 13, what is -9c6 + c8a31?
c8038
In base 2, what is 100100 - 11110001100110111?
-11110001100010011
In base 12, what is 2 - 502231?
-50222b
In base 9, what is -62147 - 2614?
-64762
In base 11, what is 566 + -38908?
-38352
In base 5, what is 0 - 14344301033?
-14344301033
In base 3, what is -1011021022210 - 11?
-1011021022221
In base 12, what is 281 + 24773?
24a34
In base 11, what is a - 3627951?
-3627942
In base 16, what is -11 - -14e0850?
14e083f
In base 16, what is a41 + -26c7?
-1c86
In base 3, what is -11 - 211110021211011?
-211110021211022
In base 3, what is 12 + -11201102112202?
-11201102112120
In base 5, what is -11 + -133324400222?
-133324400233
In base 5, what is 233 + 23001014?
23001302
In base 16, what is d - 3f03e?
-3f031
In base 9, what is 308654 + -811?
307743
In base 10, what is 39 - -34723562?
34723601
In base 13, what is 1b2a8a16 + -4?
1b2a8a12
In base 9, what is 4 - -504177753?
504177757
In base 11, what is 8 + 562141?
562149
In base 10, what is 3 + 15543956?
15543959
In base 11, what is -2a7 - 28845?
-29041
In base 5, what is -1402242 + -4421?
-1412213
In base 11, what is -91 - -1188690?
11885aa
In base 14, what is -11da + 313c7?
301cb
In base 6, what is 133013244 - 34?
133013210
In base 16, what is 45f + 3204?
3663
In base 4, what is 202203 - -10212002?
11020211
In base 16, what is 1 + -214580?
-21457f
In base 5, what is 3423303033 - 1?
3423303032
In base 2, what is 10000010011011111000 + 101100101?
10000010100001011101
In base 12, what is 2 - 1605319?
-1605317
In base 16, what is -2ef971 + -58?
-2ef9c9
In base 14, what is 4 - 243c98?
-243c94
In base 6, what is -5421042 + 44?
-5420554
In base 16, what is -42100d - 5?
-421012
In base 3, what is -221202210200202012 - -1?
-221202210200202011
In base 16, what is 1 - -18479?
1847a
In base 5, what is 1403300400 - -1302?
1403302202
In base 8, what is -1366 + 216702?
215314
In base 7, what is 3455 - -21344?
25132
In base 7, what is -1240613 + 53?
-1240530
In base 2, what is -1010110100111000101 + 100000?
-1010110100110100101
In base 8, what is 74 - 7504243?
-7504147
In base 2, what is 1101010010110100110011 + -110?
1101010010110100101101
In base 8, what is -2512426573 + -5?
-2512426600
In base 11, what is -1078a539 + 0?
-1078a539
In base 4, what is 1 - 2032032200?
-2032032133
In base 15, what is -5b3756a - 3?
-5b3756d
In base 11, what is -36390 - -2a?
-36361
In base 3, what is -20012122122012 + -1101?
-20012122200120
In base 4, what is -10 - 222112010022?
-222112010032
In base 2, what is 101100101001011000001110010 + 1?
101100101001011000001110011
In base 5, what is -2124434 + 1311?
-2123123
In base 15, what is 2ee - -36d7?
39d6
In base 12, what is -1384 + -2a705?
-2ba89
In base 16, what is -22 + 2c194?
2c172
In base 8, what is -2 + -114102363?
-114102365
In base 5, what is 431104424403 - -3?
431104424411
In base 9, what is -8 + -28838626?
-28838635
In base 4, what is 10 + 222211123003?
222211123013
In base 5, what is 10012444 - 23443?
4434001
In base 14, what is 21371 + 36b0?
24a41
In base 5, what is 1002314324413 - -3?
1002314324421
In base 5, what is -3432401341 + 0?
-3432401341
In base 7, what is 2212606 + 542?
2213451
In base 16, what is -20315 + 2a9?
-2006c
In base 11, what is 6510 - 292?
6229
In base 6, what is -23 - -15215230?
15215203
In base 15, what is 0 + 88c1eec?
88c1eec
In base 12, what is -737033 + -41?
-737074
In base 6, what is -4100 - 1105231?
-1113331
In base 8, what is -26056 - -35?
-26021
In base 5, what is 4434312 - -3131?
4442443
In base 16, what is 5043 - 84?
4fbf
In base 14, what is 95755c - 6?
957556
In base 5, what is -3 - -2242220220?
2242220212
In base 14, what is -6 - -168b231?
168b229
In base 3, what is 10000022220 + 1112212?
10001212202
In base 12, what is 1a49134a + -6?
1a491344
In base 15, what is 2 + 4e4c97?
4e4c99
In base 4, what is 0 + 11332232111110?
11332232111110
In base 3, what is -2122211111112 - -20?
-2122211111022
In base 9, what is -647460 + -5?
-647465
In base 4, what is 3302221123 - 320?
3302220203
In base 6, what is -30505504 + 2415?
-30503045
In base 8, what is -144 + -7230036?
-7230202
In base 4, what is 2221110 - 2310232?
-23122
In base 11, what is -167 - -79501?
79345
In base 6, what is -21343 + 5255?
-12044
In base 16, what is 3f6 + 3e46?
423c
In base 14, what is -43 + 7bc59c?
7bc559
In base 11, what is -710 + -101195?
-1018a5
In base 16, what is a68d + 3e?
a6cb
In base 3, what is 1 + 212001010101101?
212001010101102
In base 16, what is b01a - -50c?
b526
In base 10, what is 45 - 1206147?
-1206102
In base 2, what is -11100100010 + 1110110100?
-1101101110
In base 7, what is 160221041 - 0?
160221041
In base 9, what is 2621 - 15686?
-13065
In base 11, what is 14a5541 - -30?
14a5571
In base 11, what is -10365689 + -4?
-10365692
In base 4, what is -22022 - -200302?
112220
In base 5, what is 14 - -14030213?
14030232
In base 7, what is 5 + -152005215?
-152005210
In base 4, what is -231 + -1232312?
-1233203
In base 16, what is 1ce - -8381?
854f
In base 14, what is -69 - -2385?
231a
In base 14, what is 1a6d - 5b2?
149b
In base 15, what is 0 - -1560a0e?
1560a0e
In base 2, what is -100000010101011101 - -111110101?
-100000001101101000
In base 11, what is 0 + -8033a30?
-8033a30
In base 15, what is 77a + 3ed?
b78
In base 6, what is 2415405405 + -2?
2415405403
In base 14, what is -3 - -1991dc?
1991d9
In base 11, what is 1 + -130a874?
-130a873
In base 11, what is 4554840 + -12?
4554829
In base 15, what is 332d4a4 - -4?
332d4a8
In base 7, what is -5002610414 + -3?
-5002610420
In base 4, what is 1333302000 + 1310?
1333303310
In base 13, what is -33250 - 137?
-33387
In base 4, what is 3321 + -2231221330?
-2231212003
In base 12, what is 21079480 - -2?
21079482
In base 7, what is 11 - -1361410?
1361421
In base 11, what is 5 + 95362?
95367
In base 2, what is -1 - -11101110111101100110011?
11101110111101100110010
In base 11, what is -38 - 136802?
-13683a
In base 8, what is 223515 - 2173?
221322
In base 5, what is 144402 + 13203?
213110
In base 6, what is -23 - 412324550?
-412325013
In base 16, what is 4 + -2750b2b?
-2750b27
In base 13, what is -27 - 2430cb?
-243125
In base 3, what is -12210001 + -1111112210?
-1201022211
In base 16, what is -126a7a8 + -4?
-126a7ac
In base 10, what is -4 + 1388692?
1388688
In base 14, what is 2bc85ca + 3?
2bc85cd
In base 8, what is -3 - 1300370072?
-1300370075
In base 2, what is -1101 + -10000110100110101000000101?
-10000110100110101000010010
In base 16, what is 3c7e + 1e44?
5ac2
In base 13, what is -2 + a358085?
a358083
In base 14, what is -3 - 861a232?
-861a235
In base 7, what is -116 - 56223?
-56342
In base 8, what is 2 + -143355425?
-143355423
In base 15, what is 0 - -1ced717?
1ced717
In base 6, what is -250045535 - 3?
-250045542
In base 15, what is 88606 - -3c8?
889ce
In base 2, what is 101 - -110101111101111111111?
110101111110000000100
In base 11, what is -92a0 + -10570?
-19860
In base 14, what is 231c - 643?
1ab9
In base 13, what is 6 + 84174b8?
84174c1
In base 14, what is 860a - aa?
8540
In base 9, what is 127715607 + 5?
127715613
In base 15, what is 416d6 - -d71?
42557
In base 3, what is -1221 - -220010211?
220001220
In base 10, what is 4 + 2107632?
2107636
In base 6, what is -1010210 + 315?
-1005451
In base 5, what is -3 + -134131234424?
-134131234432
In base 16, what is f3 - -98a9?
999c
In base 4, what is -2 - -21313211132?
21313211130
In base 2, what is -101101001011100 - 111101010?
-101110001000110
In base 14, what is 25d39 - -a?
25d45
In base 3, what is -11020011 + 20012101?
1222020
In base 16, what is abaf - -5cb?
b17a
In base 3, what is 110222210102020 + -12?
110222210102001
In base 13, what is -b7089 + -2c?
-b70b8
In base 9, what is 867163 - -64?
867237
In base 6, what is -101 + 152243240?
152243135
In base